What are the prime factors of 21394083?
3, 29, 245909
What are the prime factors of 1881404590?
2, 5, 13, 281, 51503
What are the prime factors of 1414668741?
3, 15797, 29851
What are the prime factors of 1464290542?
2, 11, 13, 5119897
What are the prime factors of 7599457?
7599457
What are the prime factors of 255206628?
2, 3, 7089073
What are the prime factors of 5409582963?
3, 5209, 346169
What are the prime factors of 131613313?
13, 778777
List the prime factors of 222199690.
2, 5, 17, 1307057
List the prime factors of 1035766082.
2, 13, 39837157
What are the prime factors of 116898859?
7, 11, 30983
What are the prime factors of 116808758?
2, 11, 97, 127, 431
What are the prime factors of 3085770280?
2, 5, 77144257
What are the prime factors of 88056548?
2, 4409, 4993
List the prime factors of 61519924.
2, 1993, 7717
List the prime factors of 1097768504.
2, 7, 19603009
What are the prime factors of 521522288?
2, 7, 665207
What are the prime factors of 143874033?
3, 47958011
What are the prime factors of 415604077?
7, 193, 307627
What are the prime factors of 4327684960?
2, 5, 173, 156347
What are the prime factors of 4066904824?
2, 67, 7587509
List the prime factors of 36317832.
2, 3, 757, 1999
List the prime factors of 3570523434.
2, 3, 19, 10440127
List the prime factors of 1598238918.
2, 3, 17, 61, 28541
List the prime factors of 56141266.
2, 139, 201947
List the prime factors of 49333627.
7, 613, 11497
What are the prime factors of 230048403?
3, 13, 17, 467, 743
What are the prime factors of 11166529?
11, 1015139
List the prime factors of 124514800.
2, 5, 17, 18311
List the prime factors of 123514317.
3, 59, 232607
What are the prime factors of 908118971?
17, 571, 93553
What are the prime factors of 504033225?
3, 5, 6720443
List the prime factors of 3985709878.
2, 2791, 714029
List the prime factors of 2141647660.
2, 5, 193, 277, 2003
List the prime factors of 67389598.
2, 17, 31, 3761
What are the prime factors of 317152210?
2, 5, 31715221
List the prime factors of 1474222799.
7, 210603257
What are the prime factors of 963289989?
3, 17, 699557
List the prime factors of 177149418.
2, 3, 17, 1736759
What are the prime factors of 1886659377?
3, 73, 8614883
What are the prime factors of 450836868?
2, 3, 53, 307, 2309
What are the prime factors of 1495999046?
2, 29, 25793087
List the prime factors of 124714135.
5, 7, 13, 67, 4091
What are the prime factors of 6159827?
6159827
What are the prime factors of 15966940?
2, 5, 11, 72577
List the prime factors of 733396375.
5, 1913, 3067
What are the prime factors of 39122321?
7, 17, 53, 6203
What are the prime factors of 347768571?
3, 19, 31, 97, 2029
What are the prime factors of 2939033278?
2, 19, 77342981
What are the prime factors of 1131181015?
5, 151, 971, 1543
List the prime factors of 14445323.
89, 101, 1607
What are the prime factors of 188691832?
2, 7, 67, 50291
What are the prime factors of 213703000?
2, 5, 7, 30529
List the prime factors of 110357232.
2, 3, 107, 21487
List the prime factors of 40805765.
5, 7, 11, 13, 31, 263
List the prime factors of 279936709.
13, 19, 37, 30631
List the prime factors of 121875097.
167, 729791
What are the prime factors of 212710356?
2, 3, 89, 197, 337
What are the prime factors of 79296659?
13, 607, 773
What are the prime factors of 2504671?
13, 192667
What are the prime factors of 3964176861?
3, 83, 15920389
List the prime factors of 380990361.
3, 126996787
What are the prime factors of 1350977680?
2, 5, 13, 23, 56479
List the prime factors of 2701037417.
13, 207772109
What are the prime factors of 885429769?
7, 29, 4361723
List the prime factors of 471537882.
2, 3, 157, 55619
List the prime factors of 31475666.
2, 19, 463, 1789
List the prime factors of 49683058.
2, 24841529
What are the prime factors of 401685427?
11, 13, 61, 46049
List the prime factors of 548220753.
3, 167, 364751
What are the prime factors of 50977398?
2, 3, 563, 15091
What are the prime factors of 407262279?
3, 135754093
What are the prime factors of 135853012?
2, 461, 73673
List the prime factors of 12243326.
2, 31, 59, 3347
What are the prime factors of 15346878?
2, 3, 2557813
What are the prime factors of 68130877?
43, 1584439
What are the prime factors of 128539798?
2, 64269899
List the prime factors of 76834602.
2, 3, 13, 109451
What are the prime factors of 184202874?
2, 3, 10233493
What are the prime factors of 774355099?
7, 23, 137, 35107
What are the prime factors of 393245919?
3, 11, 3972181
What are the prime factors of 136752689?
739, 185051
List the prime factors of 171848522.
2, 1039, 82699
What are the prime factors of 391805611?
391805611
List the prime factors of 159932101.
7, 19, 1202497
List the prime factors of 2380943538.
2, 3, 151, 291997
What are the prime factors of 56428375?
5, 193, 2339
What are the prime factors of 47373971?
3803, 12457
List the prime factors of 1819762615.
5, 11, 29, 73, 15629
What are the prime factors of 26471040?
2, 3, 5, 17, 811
What are the prime factors of 1293806852?
2, 13, 24880901
List the prime factors of 1531598687.
1531598687
List the prime factors of 63710008.
2, 467, 17053
What are the prime factors of 50199943?
31, 1619353
What are the prime factors of 272965833?
3, 7, 4332791
What are the prime factors of 127736045?
5, 17, 941, 1597
What are the prime factors of 288308754?
2, 3, 5339051
What are the prime factors of 571419863?
7, 127, 523, 1229
What are the prime factors of 52802277?
3, 11, 1600069
What are the prime factors of 31291091?
13, 103, 23369
List the prime factors of 290513941.
290513941
List the prime factors of 87166011.
3, 61, 476317
List the prime factors of 4432681657.
4432681657
List the prime factors of 42660311.
109, 391379
What are the prime factors of 2598084129?
3, 373, 2321791
What are the prime factors of 32475959?
19, 1709261
List the prime factors of 434781200.
2, 5, 7, 31, 5009
What are the prime factors of 65506365?
3, 5, 1455697
What are the prime factors of 206923303?
17, 149, 151, 541
List the prime factors of 102244559.
102244559
What are the prime factors of 7436331773?
13, 572025521
What are the prime factors of 113492479?
5827, 19477
What are the prime factors of 100432953?
3, 1239913
What are the prime factors of 771205926?
2, 3, 128534321
List the prime factors of 308979771.
3, 53, 1943269
List the prime factors of 603938777.
13, 46456829
List the prime factors of 914214040.
2, 5, 73, 313087
What are the prime factors of 62516399?
11, 61, 93169
List the prime factors of 508443773.
23, 313, 70627
What are the prime factors of 978081094?
2, 17, 443, 64937
What are the prime factors of 20862128?
2, 7, 17, 10957
List the prime factors of 159563413.
223, 353, 2027
List the prime factors of 1998971590.
2, 5, 7, 11, 2596067
What are the prime factors of 210977637?
3, 13, 79, 68477
What are the prime factors of 380562041?
29, 41, 101, 3169
List the prime factors of 38430445.
5, 19, 404531
What are the prime factors of 188488650?
2, 3, 5, 7, 89, 2017
List the prime factors of 66452267.
7, 23, 41, 10067
What are the prime factors of 8776928?
2, 157, 1747
What are the prime factors of 1232087557?
43, 1171, 24469
What are the prime factors of 6420899?
6420899
What are the prime factors of 772030829?
772030829
List the prime factors of 1666126374.
2, 3, 11, 257, 98227
What are the prime factors of 37920424?
2, 4740053
List the prime factors of 400291666.
2, 200145833
List the prime factors of 8326601567.
8326601567
List the prime factors of 50745985.
5, 2383, 4259
List the prime factors of 130223999.
23, 89, 63617
What are the prime factors of 1025881291?
1307, 784913
What are the prime factors of 2320635587?
2320635587
List the prime factors of 3577539377.
617, 5798281
What are the prime factors of 12130494?
2, 3, 241, 8389
What are the prime factors of 886173423?
3, 67, 673, 6551
What are the prime factors of 233546928?
2, 3, 4865561
List the prime factors of 25339472.
2, 977, 1621
List the prime factors of 190817273.
43, 67, 107, 619
What are the prime factors of 34731901?
17, 2043053
List the prime factors of 58947451.
58947451
List the prime factors of 57155657.
13, 4396589
What are the prime factors of 5439434?
2, 7, 11, 13, 19
List the prime factors of 255174779.
255174779
List th